 units digit of f?
4
Let y = -36 + 38. Suppose -5*q = -y*n - 47, -4*q + n + 52 = 3*n. Let k = q + 136. What is the units digit of k?
7
Suppose 63013 = 11*n - 334153. What is the tens digit of n?
0
Let a(g) be the first derivative of -3*g**2 - 172*g + 19. What is the units digit of a(-35)?
8
Let z be 395*-2*1/(-10). Let l = z - 68. Suppose 80 = 13*m - l*m. What is the units digit of m?
0
Let p(g) = -g**2 + 9*g + 11. Let b be p(10). Suppose -30 = -5*v + 2*i + 3*i, 0 = 3*v + 3*i. Let q = v + b. What is the units digit of q?
4
Let v(z) = 9*z**2 - 363*z + 54. What is the thousands digit of v(46)?
2
Let r be (-1 + -4 - -10) + 0. Suppose -3*w + 1500 = 2*w + 3*n, w - 328 = r*n. What is the units digit of w?
3
Suppose -3 = -15*u + 27. Suppose -c + u*l = -123, 2*c + 6*l = 4*l + 264. What is the hundreds digit of c?
1
Let n = -106 + 157. Suppose 44*g = n*g - 8323. What is the thousands digit of g?
1
Let x = 120 - 94. Let o = x + -24. Suppose -2*d = o*d - 68. What is the units digit of d?
7
What is the thousands digit of 182216/24 - 6*(-6)/54?
7
Let m(y) = -117*y - 229. What is the tens digit of m(-79)?
1
Suppose -3*h + 203 = -2*c, 3*c + 305 = -3*h + 8*h. Let b = -106 - c. What is the tens digit of (b/15)/(6/(-990))?
6
Suppose -100*s - 9 = -109*s. Suppose -2*v + v + 2 = 0. What is the tens digit of (2 - s)*(v/(-1) - -63)?
6
Let z be -1 + (-7 - -3 - -7). Suppose 5*p = -z*t + 2325, -p + 28 + 437 = -t. What is the units digit of p?
5
Let a(n) = -n**3 - 12*n**2 - 10*n + 5. Let c be a(-11). Suppose 5*u = 207 + 278. Let i = c + u. What is the tens digit of i?
9
Let g = -4048 + 2718. Let k = 2107 + g. What is the units digit of k?
7
Let j(z) = 1527*z**3 + 2*z**2 - 18*z + 2. What is the tens digit of j(3)?
9
Suppose -3*y = -3*g + 96390, 0 = 5*y - 8*y + 12. What is the units digit of g?
4
Suppose -78*m - 3653927 = -227*m. What is the tens digit of m?
2
Let c(l) = 24*l**2 - 6*l. Let z(o) = -o**3 - 9*o**2 - o - 4. Let i be z(-9). What is the tens digit of c(i)?
7
Suppose 0 = 954*n - 957*n + 15. Let d(r) = 56*r - 7. Let j be d(5). Suppose -j = -n*k + 72. What is the units digit of k?
9
Let r be (-9)/6*50/15. What is the tens digit of 1 + r - (6 - 108)?
9
Suppose -10 = -4*g + 10, -2*g = -3*i + 5. Suppose 4*x + 0*a - 1324 = -4*a, -i*x = a - 1647. What is the tens digit of x?
2
Suppose 0 = 15*m + 2637 - 882. Let u = m - -242. What is the tens digit of u?
2
Suppose 8*h = -1983 - 10609. Let t = h - -2476. What is the hundreds digit of t?
9
Let w(z) = -423*z + 10445. What is the ten thousands digit of w(-74)?
4
Let k be 0/(-19) - (0/(-2))/1. Suppose 3*y + 216 - 2952 = k. Suppose y = 7*n - 243. What is the units digit of n?
5
Suppose 5*f + 40 = 15*f. Suppose f*b - 2615 = -0*b - 3*p, 3*b - 1983 = 5*p. What is the units digit of b?
6
Let m be -1 + 3*(4 + -5). Let z be 3*m/3 - (-8)/(-4). What is the units digit of 57 + z/(-3) + -3?
6
Suppose -3*m = -3*z + 30, 0*m + m = 2*z - 15. Suppose 0 = 2*d + 4*a - 22, 3*d - d + z*a - 23 = 0. Suppose d*c = 107 + 109. What is the tens digit of c?
2
Let t = -55 + 59. Suppose 5*s - 2*q - 2*q = 1, -t*s + 7 = 3*q. Let h(c) = 24*c**3 - c**2 - 3*c + 2. What is the tens digit of h(s)?
2
Suppose -11*f = -14*f. Suppose f = 2*m - n - 482, -4*m + n = -4*n - 964. What is the tens digit of m?
4
Let z(a) = -5951*a - 2766. What is the thousands digit of z(-7)?
8
Let l = 65581 + -29947. What is the units digit of l?
4
Let h = 53 - 53. Let l be h/(-3*(-1 - (-2)/6)). What is the units digit of (3 - l) + 25 + -2?
6
Let v(k) = -20*k**3 - 16*k**2 - 42*k - 199. What is the tens digit of v(-13)?
8
Let q(c) = 6*c - 14. Let z(p) = -2*p + 5. Let k(j) = 2*q(j) + 7*z(j). Let l be k(4). Let u(r) = -221*r**3 - r**2 - 3*r - 2. What is the units digit of u(l)?
1
Suppose 45 + 35 = 4*b. Suppose 0 = v - 67 + b. What is the tens digit of v?
4
Let z = -50 - -44. Let n(y) = -2*y - 9. Let c be n(z). What is the tens digit of 1*c - (-20 - 1)?
2
Suppose 2*r = -5*b - 12, -b - 7 + 1 = 4*r. Let y be b/7 + (-653)/(-7). Suppose 0 = -n + 4*n - y. What is the tens digit of n?
3
Let m(d) = -8*d + 4 + 3 - 4*d + d**2. Suppose -4*l + 60 = -3*x, -2*l + 97*x + 24 = 94*x. What is the units digit of m(l)?
5
Let k = -148 - -154. Suppose -2*w + 226 = 4*v, 139 - k = 2*v - 3*w. What is the units digit of v?
9
Suppose -3*x + 611 = -3*s - 16, 201 = -s + 5*x. Let v = s - -414. What is the tens digit of v?
0
Let y be 43/2 + 1*2/(-4). Suppose 6*t + 2*d - 2210 = 3*t, -4*t + 2950 = 2*d. What is the tens digit of t/7 + 6/y?
0
Suppose 3*r - 12 + 0 = 0. Suppose -171 = -r*a + a. What is the tens digit of a/((-8)/((-96)/9))?
7
Let f = -3040 + 1438. Let o = f + 2689. What is the units digit of o?
7
Suppose 6*h = 2*h + 28. Let s be (-1)/2*6 + (2 - h). What is the tens digit of (46/s)/(3 - (-111)/(-36))?
6
Suppose 19*z + 8 = 65. Suppose -5*x - 455 + 1512 = z*j, 5*j - 1751 = -3*x. What is the tens digit of j?
4
Let b = 82 + -92. Let f be ((-10175)/b)/(-5)*-4. Suppose f = 11*x - 451. What is the tens digit of x?
1
Let y be ((-24)/(-18))/((-3)/(-495)). Let d = y - 49. What is the tens digit of d?
7
Let l be 164 + (-5)/((-15)/(-6)). Suppose -3*q - 3*x + 413 = -7*q, 4*x + 493 = -5*q. Let f = q + l. What is the units digit of f?
1
Let h(r) = -3*r - 28. Let s be h(-12). Let k(d) = -2*d**2 + 16*d. Let u be k(s). What is the units digit of (u - -2)/(1/57)?
4
Suppose 0 = -x - 2*x + 1779. Suppose 5*s + 5*k + 10 = 0, -2*s - k = -3*s + 6. Suppose -5*t + 3*p + x = p, -s*p + 2 = 0. What is the hundreds digit of t?
1
Suppose 6919 = 6*g - 5303. Suppose -4*u = -g - 3171. What is the thousands digit of u?
1
Suppose -4*k + 15136 = 3*q - 7732, -3*q = 5*k - 28582. What is the units digit of k?
4
Let y(u) = 3763*u**2 + 358*u + 1106. What is the hundreds digit of y(-3)?
8
Let j = 223 + -154. Let i = j + 121. What is the hundreds digit of i?
1
Suppose -2*m + 55 = 755. Suppose 0 = -10*u + 11*u - 5*s + 180, 3*u + 3*s + 522 = 0. Let j = u - m. What is the hundreds digit of j?
1
Let w(r) = -10 + 4 - 7*r - 2*r - 3. Let a be -9 - (-2 + 2 + -1). What is the tens digit of w(a)?
6
Suppose 2*g - 643 = 3*a, -g - 5*a = 3*g - 1297. Suppose 0 = -5*x - g - 22. What is the tens digit of (8/(-2))/(6/x)?
4
Suppose 36*z - 37*z - 3*b + 15452 = 0, b - 61874 = -4*z. What is the tens digit of z?
7
Let b(s) = -4 + 2 + 0*s + 3*s**2 + 8 + 5*s. What is the units digit of b(-4)?
4
Suppose 9 = 4*m + 3*i - 12, -2*m - 9 = -5*i. Let r be ((-4)/6)/(22/(-33)). What is the tens digit of (r/2)/(m - 71/24)?
1
Let a(m) = 18*m**2 - 13*m - 13. Let z be a(-6). Suppose 4*i = -s + 568, 3*i - z = -2*i - 2*s. What is the tens digit of i?
4
Let w(j) = j**3 + 76*j**2 + 92*j + 646. What is the ten thousands digit of w(-70)?
2
Suppose -1105 = -15*s + 3860. Let l be 4/(-14) + (-30)/(-7). Suppose -2*m = -m - 4*k - 64, -k - s = -l*m. What is the tens digit of m?
8
Suppose 4*g - 11600 = 4*r, -47*g - 2*r + 2906 = -46*g. Suppose -4*o - 3*t - 994 + g = 0, 5*o + 5*t = 2385. What is the hundreds digit of o?
4
Let b(w) = 124*w**2 - 55*w - 331. What is the ten thousands digit of b(-12)?
1
Let k(q) = 9*q**2 + 1 + 0*q - 11*q + 3*q - 9. Let s be k(-4). Suppose -s = -2*l + 2*i, 0 = -5*i - 0 + 5. What is the units digit of l?
5
Suppose -4*j + 8*j = -4. Let i be (4/(-5))/(1/(-30)). Let w = i + j. What is the tens digit of w?
2
What is the units digit of ((-12)/26)/3 - ((-120185109)/403)/33?
7
Let o(u) = 957*u - 30. Let s(v) = -383*v + 12. Let p(g) = 5*o(g) + 12*s(g). Let z = 133 - 132. What is the units digit of p(z)?
3
Let t(j) = -4*j + 101. Suppose -36 = 2*v + 12*u - 10*u, 0 = -5*v - 4*u - 88. What is the units digit of t(v)?
5
Let q be -1*((-6)/9)/(8/228). Suppose -q*d - 16200 = -29*d. What is the tens digit of d?
2
Let u(k) = -2*k**3 + 36*k**2 + 38*k + 5. Let n be u(19). Suppose 92 = x + 3*r, n*x + 3*r - 560 = 8*r. What is the hundreds digit of x?
1
What is the thousands digit of (3798/(-30))/(-2*8/1040)?
8
Suppose 26*g = -g - 54096 + 147543. What is the hundreds digit of g?
4
Suppose -34524 = -17*k + 28678 - 3583. What is the thousands digit of k?
3
Let s(p) = 1780*p + 351. What is the hundreds digit of s(2)?
9
Let c = -3697 - -9031. What is the hundreds digit of c?
3
Let c = 16 - 13. Let d be -10*(c/5 + (-19)/(-10)). What is the units digit of (-143)/(-5) + 15/d?
8
What is the thousands digit